{"id":131,"date":"2025-07-01T15:27:33","date_gmt":"2025-07-01T13:27:33","guid":{"rendered":"http:\/\/2cama.fr\/?page_id=131"},"modified":"2025-07-08T17:37:51","modified_gmt":"2025-07-08T15:37:51","slug":"blog","status":"publish","type":"page","link":"http:\/\/2cama.fr\/?page_id=131","title":{"rendered":"\u00c0 propos"},"content":{"rendered":"<div class=\"wp-block-image\">\n<figure class=\"aligncenter size-large is-resized\"><img fetchpriority=\"high\" decoding=\"async\" width=\"1024\" height=\"443\" src=\"http:\/\/2cama.fr\/wp-content\/uploads\/2025\/07\/cropped-Web3_2CAMA_LogoVecto-1-1024x443.png\" alt=\"\" class=\"wp-image-115\" style=\"width:454px;height:auto\" srcset=\"http:\/\/2cama.fr\/wp-content\/uploads\/2025\/07\/cropped-Web3_2CAMA_LogoVecto-1-1024x443.png 1024w, http:\/\/2cama.fr\/wp-content\/uploads\/2025\/07\/cropped-Web3_2CAMA_LogoVecto-1-300x130.png 300w, http:\/\/2cama.fr\/wp-content\/uploads\/2025\/07\/cropped-Web3_2CAMA_LogoVecto-1-768x332.png 768w, http:\/\/2cama.fr\/wp-content\/uploads\/2025\/07\/cropped-Web3_2CAMA_LogoVecto-1.png 1152w\" sizes=\"(max-width: 1024px) 100vw, 1024px\" \/><\/figure>\n<\/div>\n\n\n<hr class=\"wp-block-separator has-alpha-channel-opacity\"\/>\n\n\n\n<p class=\"has-text-align-left\">L\u2019ann\u00e9e culturelle 2024 intense (Jeux Olympiques 2024 &amp; promotion du film \u00ab&nbsp;En Fanfare&nbsp;\u00bb) a montr\u00e9 le bien-fond\u00e9 des travaux men\u00e9s en collectif. D\u00e9fendre collectivement les b\u00e9n\u00e9fices de la pratique associative musicale est plus que jamais une \u00e9vidence.<br><br>La pratique musicale en amateur fait face au quotidien \u00e0 des d\u00e9fis importants : financements, renouvellement et formation des encadrants, lien avec les \u00e9tablissements d\u2019enseignement artistique\u2026&nbsp;<\/p>\n\n\n\n<p>Les conf\u00e9d\u00e9rations musicales nationales ont d\u00e9cid\u00e9 d\u2019\u00e9tablir un dialogue permanent au travers d\u2019un collectif portant le nom de <strong>2CAMA<\/strong> &#8211; <em>Collectif des Conf\u00e9d\u00e9rations d\u2019Associations Musicales en Amateur<\/em> &#8211; ent\u00e9rin\u00e9 par une assembl\u00e9e g\u00e9n\u00e9rale extraordinaire du <strong>17 juin 2025<\/strong>.<\/p>\n\n\n\n<p>Elle est constitu\u00e9e des structures suivantes :<\/p>\n\n\n\n<ul class=\"wp-block-list\">\n<li>CFBF, <em>Conf\u00e9d\u00e9ration Fran\u00e7aise des Batteries et Fanfares<\/em><\/li>\n\n\n\n<li>FSCF, <em>F\u00e9d\u00e9ration Sportive et Culturelle de France<\/em>\u00a0<\/li>\n\n\n\n<li>Ufem, <em>Union des fanfares et ensembles musicaux<\/em><\/li>\n<\/ul>\n\n\n\n<p>Les actions essentielles du 2CAMA sont l\u2019information r\u00e9ciproque, la d\u00e9fense d\u2019objectifs partag\u00e9s, la concertation au niveau national et international et la mise en place d\u2019actions communes \u00e0 ses membres.<\/p>\n\n\n\n<p>La priorit\u00e9 est de d\u00e9fendre les int\u00e9r\u00eats des associations musicales aupr\u00e8s des \u00e9lus. Les baisses de budgets des diff\u00e9rentes instances, en particulier celui du minist\u00e8re de la Culture, ont touch\u00e9 la pratique musicale en amateur de plein fouet. Celles-ci atteignent 15 \u00e0 20 % sur toute la fili\u00e8re, retardant, entre autres, l\u2019ouverture des d\u00e9p\u00f4ts des Plans Fanfare.<\/p>\n\n\n\n<p>Le 2CAMA a d\u00e9cid\u00e9 d\u2019interpeller la ministre de la Culture, Mme Rachida Dati, par une lettre ouverte d\u00e9but avril. Il a \u00e9galement \u00e9t\u00e9 d\u00e9cid\u00e9 de porter ce constat aupr\u00e8s des \u00e9lus de proximit\u00e9 afin qu\u2019ils deviennent les porte-paroles et les meilleurs d\u00e9fenseurs de cette cause \u00e0 l\u2019Assembl\u00e9e nationale et au S\u00e9nat.Enfin, la mission du 2CAMA est aussi de promouvoir et porter haut les valeurs de la pratique musicale collective en amateur.<\/p>\n","protected":false},"excerpt":{"rendered":"<p>L\u2019ann\u00e9e culturelle 2024 intense (Jeux Olympiques 2024 &amp; promotion du film \u00ab&nbsp;En Fanfare&nbsp;\u00bb) a montr\u00e9 le bien-fond\u00e9 des travaux men\u00e9s en collectif. D\u00e9fendre collectivement les b\u00e9n\u00e9fices de la pratique associative musicale est plus que jamais une \u00e9vidence. La pratique musicale en amateur fait face au quotidien \u00e0 des d\u00e9fis importants [&hellip;]<\/p>\n","protected":false},"author":2,"featured_media":0,"parent":0,"menu_order":0,"comment_status":"closed","ping_status":"closed","template":"","meta":{"footnotes":""},"class_list":["post-131","page","type-page","status-publish","hentry"],"_links":{"self":[{"href":"http:\/\/2cama.fr\/index.php?rest_route=\/wp\/v2\/pages\/131","targetHints":{"allow":["GET"]}}],"collection":[{"href":"http:\/\/2cama.fr\/index.php?rest_route=\/wp\/v2\/pages"}],"about":[{"href":"http:\/\/2cama.fr\/index.php?rest_route=\/wp\/v2\/types\/page"}],"author":[{"embeddable":true,"href":"http:\/\/2cama.fr\/index.php?rest_route=\/wp\/v2\/users\/2"}],"replies":[{"embeddable":true,"href":"http:\/\/2cama.fr\/index.php?rest_route=%2Fwp%2Fv2%2Fcomments&post=131"}],"version-history":[{"count":3,"href":"http:\/\/2cama.fr\/index.php?rest_route=\/wp\/v2\/pages\/131\/revisions"}],"predecessor-version":[{"id":204,"href":"http:\/\/2cama.fr\/index.php?rest_route=\/wp\/v2\/pages\/131\/revisions\/204"}],"wp:attachment":[{"href":"http:\/\/2cama.fr\/index.php?rest_route=%2Fwp%2Fv2%2Fmedia&parent=131"}],"curies":[{"name":"wp","href":"https:\/\/api.w.org\/{rel}","templated":true}]}}